= 60317, 215*m - 220*m = 3*g - 100523. What is the tens digit of m?
0
Let t be 10/(-25) + (-135)/(-25). Suppose 4*x + 1657 = 6*x + 5*a, 0 = -t*x + 3*a + 4158. What is the tens digit of x?
3
Let c(o) = -19*o - 5. Suppose -d = -x - 1 + 3, 5*d = -4*x + 17. Suppose -2*q - 23 = x*g - 6, -g - 4*q = 19. What is the tens digit of c(g)?
5
What is the tens digit of 105/(-60)*-10*298?
1
Suppose 0 = -3*a - 5*y + 35567, -4*a - 8*y + 47431 = -3*y. What is the tens digit of a?
6
Let f(w) = 49*w**2 + 11*w - 23. Let p be f(4). Suppose 64*q = 69*q - p. What is the tens digit of q?
6
Let q be (-1270)/(16/28*(-21)/6). Let g = q + 127. What is the tens digit of g?
6
What is the tens digit of (-7 - 5/(-2))/((-18)/171468)?
6
What is the thousands digit of 84/24 + 230515/(-40)*-4?
3
Let h be 4*(-9)/4*(-18)/27. Suppose 0 = i - h*i + 2*j + 2306, -i = 4*j - 470. What is the tens digit of (0 + (-8)/(-6))/(28/i)?
2
Suppose 5*p + q = 29 - 4, 3*p + 5*q - 37 = 0. Suppose p*k + 29*c = 25*c + 2300, -c = -3*k + 1741. What is the tens digit of k?
7
Suppose -4*n - 117206 = -3*a, -51*a + 820570 = -30*a + 4*n. What is the ten thousands digit of a?
3
What is the thousands digit of (2/(-8) - (-21294)/24)/((-38)/(-114))?
2
Let m(p) = -9026*p + 1199. What is the hundreds digit of m(-4)?
3
Suppose -5967850 = -221*c + 543473. What is the ten thousands digit of c?
2
Let v be 48/9 - 10*(-3)/18. Suppose 22*l - 15109 = -v*l. What is the tens digit of l?
2
Suppose 4*f - 72 = -4*a, -4*a - 2*f = f - 68. Suppose -20 = -2*v - a. Let s(b) = 7*b + 7. What is the tens digit of s(v)?
2
Let k(q) = 371*q - 5. Let p(j) = j**3 + 17*j**2 + 18*j + 33. Let w be p(-16). What is the tens digit of k(w)?
6
What is the hundreds digit of (2 - 6/21)/(36/126) + 15828?
8
Let q(i) = 21*i**3 - 3*i**2 + i - 1. Let b(k) = -k**2 + 14*k + 36. Let m be b(16). Suppose 5*o - m = 4*s + 6, 0 = 5*o - s - 10. What is the units digit of q(o)?
7
Suppose 9*n - 4763 = 6*n - 8*n. Let p be (-2)/8 + (-2418)/(-8). Let c = n - p. What is the hundreds digit of c?
1
Suppose 3*s - 4*d = -25 + 5, s + 13 = -5*d. Let t be s/(-12) - (-1972)/12. Let o = 60 + t. What is the tens digit of o?
2
Let n = -10264 - -17645. What is the thousands digit of n?
7
Suppose -2*l - 2*o + 16 = o, o - 14 = -5*l. Let s be 435/3 + ((-12)/l)/2. Let q = s - -76. What is the units digit of q?
8
Suppose -3*b = n - 464, 2*b - 470 = -b + 5*n. Let z be (6 + -117)*(-1)/(-3). Let m = b + z. What is the tens digit of m?
1
Let w = 4503 - 2303. Suppose -48*y - w = -52*y. What is the hundreds digit of y?
5
Suppose -3*u = 2*l - 18865, 2*l - 3*l + 9440 = -u. What is the tens digit of l?
3
What is the hundreds digit of 18/16*-14*(-1696)/6?
4
Suppose -1 = -k - 0, 22 = 3*w + k. Suppose 12*m - w*m = 45. Suppose -616 = -m*o + 5*o. What is the tens digit of o?
5
Suppose -22*k + 18*k + 24 = 0. Suppose -4*y = -k - 18. What is the tens digit of (-63)/42*(-344)/y?
8
Let u = 16729 - 7379. What is the thousands digit of u?
9
Suppose b - 2*q = 31587, -31596 = -b + 618*q - 617*q. What is the units digit of b?
5
Let a = 20 + -29. What is the tens digit of 13065/36 + a/(-108)?
6
What is the tens digit of 5864 + 0 + (-80)/40?
6
Let i be (-18)/12 - (-405)/6. Let m = i + -62. Suppose 0 = m*c - 12, -237 = -4*p + p + c. What is the tens digit of p?
8
Let n(c) = 3795*c + 1599. Let g(i) = -237*i - 100. Let t(x) = 33*g(x) + 2*n(x). What is the hundreds digit of t(-3)?
5
Suppose -28 = 4*t + 4*z, 88 - 78 = -2*z. Suppose -5*u = w - 33 - 3, -3*w = 2*u - 43. Let p = w - t. What is the tens digit of p?
1
Let p = -73 - -55. Let c be (-4)/p - (-1300)/(-18). What is the hundreds digit of (42 - 0)/(4*(-4)/c)?
1
Let s(t) = -9*t**2 + 38*t + 294. Let o(y) = -8*y**2 + 35*y + 295. Let j(c) = -4*o(c) + 3*s(c). What is the hundreds digit of j(-11)?
5
Let h be (32/(-20))/((-2)/(-40)). Let w be (15/(-6) - -1)*h/(-6). Let a = 21 - w. What is the units digit of a?
9
Let u = -3968 + 6991. What is the tens digit of u?
2
Let k(b) = -3*b**2 + 5*b + 2217. Let c be k(0). Let a = c - 1321. What is the units digit of a?
6
Let k(s) = -61*s + 1293. What is the units digit of k(14)?
9
Suppose 0 = 57*o - 55*o - 38. Let d(p) = p**2 - 21*p + 36. Let r be d(o). What is the hundreds digit of 243/2 + -2*r/(-8)?
1
Let q(h) = -80*h - 5. Let s(o) = 238*o + 17. Let t(i) = -7*q(i) - 2*s(i). Let a = 4 + -2. What is the units digit of t(a)?
9
What is the thousands digit of (8/14)/((-2633424)/376208 - -7)?
6
What is the hundreds digit of (-35022)/(-65)*(26 + 12 + -8)?
1
Let k(y) be the second derivative of -y**4/4 + 7*y**2/2 + 26*y. Let a be k(-4). What is the tens digit of a/(0 + 1 - 2)?
4
Suppose -3*b + 2*b = -3*m + 15, -m + 29 = -3*b. Let c(j) = 4*j**2 + 22*j + 202. What is the units digit of c(b)?
8
Suppose 9 = 45*g - 46*g. What is the hundreds digit of (g/(-3))/((-9)/(-1131))?
3
Suppose -31*o + 35*o = 7*r - 259241, 5*r - 185173 = 3*o. What is the units digit of r?
1
Suppose p = 3*r + 11, -p + 2*p + 5*r + 5 = 0. Suppose -p*c + t + t = -2703, 1626 = 3*c + 3*t. What is the hundreds digit of c?
5
Suppose 19*s - 751882 - 164602 = 0. What is the thousands digit of s?
8
Let q(y) = y**3 + 21*y**2 + 30*y - 3. Let p be -7*(-2 + 5) - 1*-3. What is the tens digit of q(p)?
2
What is the hundreds digit of (23265 + 12)*(15/(-60) - 38/(-24))?
0
Let l(n) = 15417*n + 1369. What is the ten thousands digit of l(1)?
1
Let a(o) = 149*o**2 + 209*o - 6. What is the hundreds digit of a(-6)?
1
Suppose 4*a = 2*s - 162, 5*a + 3*s + 208 = -0*a. Let n(p) = -p**3 + 15*p**2 - 20*p. Let u be n(14). Let c = a - u. What is the tens digit of c?
4
Let c = 106 + -102. Let y be 6/(96/628)*c. Suppose -48*w + 49*w = y. What is the hundreds digit of w?
1
Suppose 0 = x - 40*l + 38*l, 2*x = l + 3. Let c = -1 + 3. Suppose 4*u + x*y - 124 = -c*y, -2*u + 59 = 5*y. What is the units digit of u?
2
Let w(v) = -v - 9. Let r be w(-11). Suppose 3*k = r*b - 419, 3*b - 5*k = 2*b + 213. What is the units digit of b?
8
Let t = -2403 - -3014. What is the units digit of t?
1
Let o(m) be the first derivative of -3*m**2/2 - 15*m + 5. Let y be o(-8). Let c(g) = 2*g**2 - 7*g - 13. What is the tens digit of c(y)?
8
Let i(n) = -4*n + 23. Let b be i(5). Suppose b = 2*d - 1, a - 5*d - 347 = 0. What is the hundreds digit of a?
3
Suppose g = 0, 9*h - 11*h - 2*g = 0. Let y(r) = 4*r**3 - r**2 + 1. Let b be y(1). Suppose h = -8*i + b*i + 308. What is the units digit of i?
7
Suppose 55*k + 2080 = 75*k. Suppose 115*b = k*b + 16170. What is the thousands digit of b?
1
What is the hundreds digit of (-3 - 12618)*4/(-12)?
2
Let x = 460 + -328. Let i = x - -181. What is the tens digit of i?
1
Let f = 43 - 38. Suppose -4*k - 10 = -f*x + 27, 23 = 4*x - k. Suppose 0 = -0*d + 3*d + 5*l - 344, 0 = x*d - 5*l - 600. What is the tens digit of d?
1
Let z(f) = f**2 - 12*f - 9. Let h be z(13). Let m be h/(-42)*3 + 111/21. Suppose -330 = -m*n + 3*p, -3*p = -4*n - 137 + 401. What is the units digit of n?
6
Let b(v) = 220*v**2 - 9*v - 14. Let p be b(-2). Let y(d) = 3*d**3 - 5 + 4*d**2 - 884*d + p*d. What is the hundreds digit of y(3)?
1
Suppose 5*t - 18*c = -12*c + 80989, 4*t - c - 64776 = 0. What is the hundreds digit of t?
1
Suppose -2*o + 48980 = 5*p, -16*p - 5*o = -18*p + 19621. What is the thousands digit of p?
9
Suppose -7385 = -u + o, -u - 2*o - 380 = -7771. What is the thousands digit of u?
7
Suppose -4*k - 666 = -3*a + 231, 306 = a + k. Let n = a - -115. What is the hundreds digit of n?
4
What is the thousands digit of 60/(-50) + (-62928)/(-15)?
4
Suppose 4*j - 5*a + 41 - 13 = 0, -3*a + 12 = 0. What is the hundreds digit of (-1)/(j/404) + (-10)/(-5)?
2
Let y(l) = 17*l**2 - 73*l + 17. Let j(h) = -18*h**2 + 68*h - 17. Let g(u) = 4*j(u) + 5*y(u). What is the hundreds digit of g(14)?
2
Suppose 943 + 4648 = z - x, -11194 = -2*z - 4*x. What is the tens digit of z?
9
Suppose 119*q + 24 = 117*q. What is the units digit of (-332)/(-12)*(-3 - 1*q)?
9
Let a be (-432)/(-40) + 1/5 - 0. Suppose 748 = a*y - 231. Suppose y = v - 35. What is the units digit of v?
4
Suppose -15837 + 73070 = 85*n - 156967. What is the hundreds digit of n?
5
Suppose 3*p - 11*v = v + 42501, 0 = 4*p + v - 56736. What is the ten thousands digit of p?
1
Suppose -3*i = -4*o - 350, -459 = -5*i + o + 113. Let d = -110 + i. What is the hundreds digit of d/6 + 4466/